 = -k + 35 + 12. Suppose c = 4*v - 2*c - k, -3*c - 31 = -2*v. What is the units digit of v?
8
Suppose -3*y = -g + 240, g - 2*y - 236 = -3*y. What is the units digit of g?
7
Let j = -12 + 19. What is the units digit of j?
7
Let z(s) = -s**3 + 5*s**2 - 4*s + 2. Let f be z(4). Let u = 64 + -44. Suppose 4*b = b, -2*d + u = f*b. What is the tens digit of d?
1
Suppose 5*o = o + 16. Suppose o = 5*j - 4*j. Suppose 3*n - j*n + 14 = 0. What is the tens digit of n?
1
Let u(a) = 3*a**2 + a + 1. What is the tens digit of u(5)?
8
Suppose 3*k = 12, 3*k + 12 = 5*m - 16. Let t(n) = -n**3 + 9*n**2 - 5*n - 4. What is the tens digit of t(m)?
2
Let k(q) = -7*q + 13. Let n be k(-10). Suppose -2*x = -n + 5. What is the tens digit of x?
3
Suppose 4*c - 17 - 11 = 0. What is the units digit of c?
7
Let p(k) = k**2 + 8*k + 6. Let m be p(-7). Let w(q) = -3*q**3 + q**2. Let r be w(m). Suppose -10 = 2*c + s - 5*s, r*c - 16 = -s. What is the units digit of c?
3
Let n(x) = -x - 2*x + 0*x. What is the units digit of n(-2)?
6
Suppose 0 = -2*z + 4 - 0. Let c = 2 + 1. Suppose -z = -c*x + 13. What is the units digit of x?
5
What is the tens digit of 1/(((-4)/96)/(1/(-2)))?
1
Let t = -6 - -6. What is the units digit of t + 1 + 3 + 3?
7
Let i be 14/6 - 4/(-6). Suppose i + 1 = 2*d. Suppose 5*l - 2 = 8, d*l = -2*y + 18. What is the units digit of y?
7
Let t(j) = j + 3. Suppose 0 = -5*s + 99 - 39. What is the units digit of t(s)?
5
What is the units digit of 7 + -10 + 35*1 + 2?
4
Let r(x) = x**2 - 2. What is the tens digit of r(6)?
3
Let j(a) = a**2 + 6*a. Let n be j(-6). Suppose v - 4 + 3 = n. What is the units digit of (-4)/(v - (1 - -2))?
2
Let h = 537 + -285. What is the tens digit of h?
5
Let z = 12 - 10. Suppose -q + z = t - 1, t = 4*q - 12. Suppose -q*w - w + 69 = 5*r, 2*w + 4*r = 42. What is the tens digit of w?
1
Suppose 4*i + 0*i + 2*h - 354 = 0, 0 = -2*i + h + 171. What is the tens digit of i?
8
Let q = -289 - -405. Let b = q + -62. What is the units digit of b?
4
Suppose 10*k = 8*k + 70. What is the tens digit of k?
3
Let w = -23 + 44. What is the tens digit of w?
2
Suppose -35 = -5*y - 5*t, 2*y - 3*t = 2*t. Let w(j) = 4*j. What is the tens digit of w(y)?
2
What is the tens digit of 2 - (1 - -1) - (-1407)/21?
6
Let z(j) = -j**3 - j**2 + 4*j + 6. Let c be z(-3). Let b(n) = -n**3 + 6*n**2 - n - 4. Let p be b(5). What is the tens digit of (-4)/p - (-195)/c?
1
Suppose -3*o + 2*p = -86, -46 + 17 = -o + p. Let g = -14 + o. What is the units digit of (-2)/(-4)*g - 2?
5
Suppose -4*m - 96 = -8*m. Suppose 0*r - r + 17 = 5*v, -4*r + 2*v + 2 = 0. Suppose 2*o - 2*z = m, -47 = -4*o + r*z - 5. What is the units digit of o?
9
Let f(z) = 6*z**2 + 2*z + 1. Let b be f(-1). Suppose 2*x + b*v = 0, 60 = 4*x - 8*v + 3*v. What is the units digit of x?
0
Let o(s) be the first derivative of s**3/3 - s**2/2 - 5*s - 3. What is the units digit of o(-3)?
7
Let f(m) = m - 2*m + m**2 + 0*m. Let r(g) = -6*g**2 + 10*g + 1. Let l(h) = -5*f(h) - r(h). What is the units digit of l(6)?
5
Suppose 0 = -2*w - w + 3. Let f(o) = o**3 + o - 2. Let y be f(0). What is the units digit of w/y + (-30)/(-4)?
7
Suppose -4*n - 170 = 2*d, -4*n + 2*d = 84 + 82. What is the units digit of 12/(-30) + n/(-5)?
8
Let c = 25 + -37. What is the units digit of (4/c)/(1/(-6))?
2
Let g(h) = -3*h + 4*h - 4 + 4*h - 2*h**2. Let c be g(-6). What is the units digit of 2/9 + c/(-9)?
2
Suppose 0 = 6*p - 3 - 2397. What is the tens digit of p?
0
Let a be 68/16 - 2/8. Let g(h) = h - 1. Let y be g(a). Suppose 0 = -4*z + 5*s + 6, -y*z + 2*z + 14 = 5*s. What is the units digit of z?
4
Suppose -t = -z - 14 - 37, 0 = 3*t - 5*z - 153. What is the tens digit of t?
5
Let x be 11*(-2)/2*1. Let m = -3 - x. Suppose 2*b = -2*k + 10 + m, -4*k = -12. What is the units digit of b?
6
Suppose 0*y + y = 3. Suppose -y*p - 4 = -4*p. What is the units digit of p?
4
Suppose -z - 522 = -10*z. What is the units digit of z?
8
What is the tens digit of (0 + 102/15)*(-30)/(-6)?
3
Let t(n) = 3*n**2 - n + 0*n + n**3 - n**2 + 1. Let a be t(-2). Suppose -2*z + a = -1. What is the units digit of z?
2
Let c(x) = -6*x**2 - x + 1. Let w(z) = -z**3 + z**2. Let l(j) = -c(j) - 6*w(j). Let q = 1 - 0. What is the units digit of l(q)?
6
Let g(n) = -n**3 + 7*n**2 - 7*n + 5. What is the units digit of g(4)?
5
Suppose 0*d - 9 = -3*d. What is the tens digit of 68/d + (-26)/39?
2
Let s(g) = g**2 - 6*g - 6. Let r be s(7). What is the units digit of r/(-5) + 6/5?
1
Let r(l) = l**2 + l + 2. Suppose -4*a + 2*a = -2. Let s = 1 + a. What is the units digit of r(s)?
8
Let k be (-3 + 1)*5/(-2). Let f = -1 + k. What is the units digit of f/(-10) - (-94)/10?
9
Let u = -24 - -27. Let o(k) = k**3 + k**2 + 2*k - 4. Let x be o(3). Suppose -u*y + x = 2. What is the tens digit of y?
1
Let c(d) = 3 - 2*d - d**3 + 5 - 6*d**2 - 3. Let z be c(-5). Let j = z + 16. What is the units digit of j?
6
Let a be 1/(((-7)/2)/7). Let y(h) = h + 3. What is the units digit of y(a)?
1
What is the units digit of ((-621)/(-46))/(1/8 - 0)?
8
Let s = -4 + 5. Let k be (-1 - -1 - -3) + s. Let d = k - 1. What is the units digit of d?
3
Let g(c) = c + 6. Let t be g(6). What is the units digit of (69/t)/(2/8)?
3
Suppose -2*u = -u - 3. Suppose -u*f + 6 + 15 = 0. Suppose 0 = -4*p + 23 - f. What is the units digit of p?
4
Let a = 1 + 6. Let m(p) = 2*p + 3*p - 6 - 2 - 3*p. What is the units digit of m(a)?
6
Let n = 6 + -4. Suppose 3*j + n*j - 25 = 0. Suppose t + 0*t - 3*h - 1 = 0, -j*h = -t + 1. What is the units digit of t?
1
Suppose 2*z = 7*z. Suppose 5*n - 32 - 28 = z. Suppose -4*u + 16 = 2*y, 2*u = -0*y + y - n. What is the units digit of y?
0
Let k be -69*(0 - (-2)/(-6)). Suppose -3*m + 25 + k = 0. What is the units digit of m?
6
What is the tens digit of 177/3 - (-3 - 1)?
6
Let u = 10 + -1. Let p = u + -3. What is the units digit of p?
6
Suppose -y - 28 - 12 = -3*o, -3*o = -3*y - 42. Suppose 4*s + o = 1. What is the units digit of 1*15/(-9)*s?
5
Suppose -3 = -4*u + 2*u + 5*r, -3*r + 15 = 0. Let t(g) = g**3 - g. Let i be t(-1). Suppose 2*o + i*o = u. What is the units digit of o?
7
Let j be (6 + 0/2)/1. Let c = j + 17. What is the tens digit of c?
2
Suppose 0 = 65*x - 66*x + 24. What is the units digit of x?
4
Let g = -4 + 0. What is the tens digit of (126/g)/((-48)/64)?
4
Let r = -17 + 41. What is the tens digit of r?
2
What is the units digit of (130/3)/(6/9)?
5
Let z be ((-4)/(-12))/(3/135). Let a be 2/6 - 94/(-6). Suppose -5*n - z = 0, -4*n - 1 = -5*q + a. What is the units digit of q?
1
Let m(j) be the third derivative of j**5/60 + j**4/4 + 2*j**3/3 - 2*j**2. Let w be -5*(48/15 - 2). What is the units digit of m(w)?
4
Suppose -4*z - 6 = -6*z. Suppose -17 - 28 = -z*y. What is the units digit of y?
5
Let d = 12 + 3. Let h = -34 + 49. Suppose -5*l = -h - d. What is the units digit of l?
6
Let o = 104 + -70. What is the units digit of o?
4
Suppose -2*k + 4*k - 8 = 0. Suppose 1 = w - k. Suppose -w*r = 4*c - 15, c - 2 = -5*r - 17. What is the tens digit of c?
1
Let h be (2/4)/((-2)/(-28)). Suppose -5*d + 42 = h. What is the units digit of d?
7
Let d = 24 - 20. Suppose 9*v = d*v + 240. What is the tens digit of v?
4
Suppose d - 60 = 6*d. What is the units digit of (-4)/(d/27) + -3?
6
Suppose n - 5*k = -3, 2*n + 2*n - 76 = -2*k. What is the tens digit of n?
1
Suppose 2*z - u - 3 = 0, 6 = -5*z - 3*u - 3. Suppose -4*m = -3*q - 24, 2*q + q = -m + 6. What is the units digit of (z + m)/(6/4)?
4
Let v be (9 - 10)/((-1)/7). Let g(n) = 2*n**2 - 13*n + 5. What is the units digit of g(v)?
2
Let u(l) = -l**2 - 3*l + 1. Let s be u(-5). Let a(b) = b**2 + 5*b - 11. What is the units digit of a(s)?
5
Let s = -3 + 61. What is the units digit of s?
8
Let r(g) = g + 5. Let n be r(-6). Let h = -1 - n. Let x = 2 + h. What is the units digit of x?
2
Suppose -4*f = -5*m + 857, -m + 156 = 2*f - 7. What is the tens digit of m?
6
Let z(u) = -3*u - 1. Let p be z(-2). Suppose -p = -5*m - 4*i, 5*m = -i + 34 - 14. What is the units digit of m?
5
Suppose 0 = 2*n + 2*w - 52, -3*n - 4*w = -100 + 18. Let m = n - -23. What is the units digit of m?
5
Let z = 919 + -608. What is the tens digit of z?
1
Suppose 61 - 41 = 4*f. Suppose -4*b - 3*w - 2*w = -25, b - 5 = -w. Suppose b = -y - 3*y, -3*r + 33 = f*y. What is the units digit of r?
1
Let g = 53 - 2. What is the 